o base 9.
-2285
What is -52811 (base 9) in base 2?
-1000100001101001
Convert -1970c (base 13) to base 15.
-ea1e
-1190c (base 14) to base 15
-cac6
Convert -452152 (base 7) to base 11.
-55122
What is -2799 (base 15) in base 9?
-12550
-11101100 (base 2) to base 14
-12c
-122 (base 5) to base 6
-101
What is -101001110111000 (base 2) in base 12?
-104a0
What is 198 (base 11) in base 7?
444
Convert 1100211 (base 3) to base 12.
6aa
-130043 (base 5) to base 6
-35131
-3a7 (base 11) to base 15
-220
What is -32403 (base 5) in base 16?
-8b4
What is -21221 (base 9) in base 2?
-11011011010000
Convert -381e (base 16) to base 12.
-8392
What is 367 (base 9) in base 5?
2204
What is 45554 (base 6) in base 11?
495a
23252 (base 6) to base 10
3344
Convert -5411 (base 6) to base 15.
-571
Convert -24112 (base 6) to base 9.
-4718
-12002110 (base 3) to base 10
-3711
What is -2915b (base 12) in base 13?
-20090
What is -cb (base 16) in base 2?
-11001011
Convert 1302 (base 8) to base 6.
3134
What is -10111 (base 4) in base 11?
-232
4ed (base 15) to base 12
797
What is 3405 (base 7) in base 14?
63c
606 (base 8) to base 3
112110
Convert 344 (base 9) to base 2.
100011011
111001101011100 (base 2) to base 5
1421112
239e (base 15) to base 9
11345
What is 1101302 (base 4) in base 12?
3042
What is 16887 (base 11) in base 2?
101110010001010
620 (base 9) to base 7
1320
What is 50a5 (base 12) in base 10?
8765
What is -1385 (base 15) in base 12?
-24bb
286c (base 16) to base 10
10348
Convert 6b73 (base 12) to base 10.
12039
Convert 45084 (base 9) to base 7.
153235
Convert -2110121 (base 3) to base 9.
-2417
440313 (base 5) to base 10
15083
Convert 203223 (base 4) to base 7.
6441
What is 20e (base 16) in base 14?
298
-3202 (base 7) to base 9
-1484
Convert -14000 (base 6) to base 12.
-1300
Convert -71215 (base 9) to base 4.
-23123300
27353 (base 11) to base 13
149b7
What is 725 (base 10) in base 16?
2d5
4703 (base 11) to base 10
6174
What is -122313 (base 4) in base 6?
-11543
-1101210020 (base 3) to base 16
-6b9a
What is -51142 (base 7) in base 6?
-133311
14a (base 14) to base 7
523
What is 41 (base 5) in base 12?
19
2c88 (base 13) to base 14
254a
-143152 (base 8) to base 4
-30121222
What is -131a (base 12) in base 16?
-886
1102220 (base 3) to base 4
100122
1102221101 (base 3) to base 12
14517
Convert aa0 (base 13) to base 3.
2111102
What is 224223 (base 5) in base 10?
8063
12122220 (base 3) to base 12
2480
What is 72 (base 12) in base 3?
10012
Convert 133223 (base 4) to base 3.
2210002
Convert -25512 (base 6) to base 4.
-330110
9395 (base 14) to base 12
1285b
What is -35201 (base 7) in base 3?
-110100222
Convert 11009 (base 11) to base 16.
3e6d
710 (base 9) to base 7
1452
Convert 4621 (base 10) to base 8.
11015
What is 193d (base 14) in base 15?
1543
Convert -4939 (base 11) to base 15.
-1da5
554 (base 11) to base 14
356
-10414 (base 11) to base 3
-202202202
What is 297 (base 12) in base 10?
403
100000100100 (base 2) to base 12
1258
What is -4a4 (base 14) in base 12?
-654
-1c87 (base 14) to base 8
-12137
What is -550514 (base 6) in base 4?
-23013232
-121221 (base 4) to base 13
-993
13602 (base 8) to base 3
22020220
-3402 (base 6) to base 8
-1432
What is -11b48 (base 12) in base 13?
-ac82
142a (base 12) to base 15
a5d
-5775 (base 9) to base 14
-17ba
57630 (base 9) to base 14
10005
What is 200032 (base 4) in base 7?
6004
What is 2237 (base 8) in base 16?
49f
2bfa (base 16) to base 6
124042
What is 30301 (base 4) in base 3?
1010021
What is -112000 (base 4) in base 14?
-728
14a94 (base 11) to base 16
531e
Convert -2020212121 (base 3) to base 7.
-243244
What is -254444 (base 7) in base 5?
-3002334
17aa (base 11) to base 15
a33
Convert 3444 (base 9) to base 11.
1a0a
73 (base 16) to base 5
430
What is 5002 (base 8) in base 16?
a02
Convert -2486 (base 10) to base 16.
-9b6
Convert 111110111 (base 2) to base 8.
767
What is 101100011011 (base 2) in base 4?
230123
What is 2d96 (base 14) in base 11?
6156
What is 102666 (base 7) in base 8?
42653
What is -13054 (base 8) in base 15?
-1a36
Convert 197 (base 12) to base 11.
216
Convert 11227 (base 8) to base 15.
1624
What is 1100 (base 2) in base 4?
30
What is -4737 (base 10) in base 2?
-1001010000001
7691 (base 11) to base 2
10011110011111
What is -3261 (base 7) in base 14?
-5d8
Convert b212 (base 13) to base 4.
11333020
What is 315150 (base 6) in base 16?
64aa
Convert -12120 (base 4) to base 11.
-341
What is 646 (base 13) in base 2?
10000110000
Convert -11b (base 16) to base 9.
-344
What is -4963 (base 12) in base 8?
-20133
Convert 2102211 (base 3) to base 4.
123301
What is -406 (base 13) in base 5?
-10212
What is -433 (base 13) in base 6?
-3154
4023 (base 13) to base 4
2021301
a3 (base 13) to base 11
111
-1120202 (base 4) to base 13
-276b
11121 (base 5) to base 7
2202
Convert 25477 (base 11) to base 3.
1212002001
What is 332111 (base 4) in base 2?
111110010101
Convert 110010010111 (base 2) to base 6.
22531
What is 3066 (base 7) in base 11?
89a
41e (base 15) to base 5
12204
Convert 25a (base 13) to base 14.
217
What is 6550 (base 7) in base 9?
3177
49a (base 15) to base 11
870
What is 12001010 (base 3) in base 13?
1899
What is 11539 (base 12) in base 10?
23229
Convert -11002 (base 5) to base 3.
-1000212
What is -1010200 (base 3) in base 11?
-693
13103002 (base 4) to base 2
111010011000010
What is 123851 (base 9) in base 15?
17387
-4a44 (base 12) to base 11
-6350
Convert -176 (base 9) to base 3.
-12120
-1b8aa (base 12) to base 10
-41026
What is -22400 (base 7) in base 11?
-42a8
2ac0 (base 14) to base 10
7616
Convert 2130441 (base 5) to base 4.
20320103
Convert -47575 (base 9) to base 3.
-1121122112
Convert -1093 (base 11) to base 13.
-863
-25054 (base 10) to base 13
-b533
2031 (base 4) to base 12
b9
-10111 (base 3) to base 16
-5e
Convert -50302 (base 6) to base 4.
-1212332
What is -1527 (base 11) in base 6?
-13033
-356 (base 9) to base 11
-248
-1789 (base 13) to base 11
-2696
2700 (base 13) to base 9
7576
-220433 (base 5) to base 8
-16702
Convert 360 (base 8) to base 11.
1a9
What is -11434 (base 5) in base 12?
-605
What is -6b49 (base 13) in base 5?
-440402
Convert -100111001 (base 2) to base 12.
-221
What is 11111110110011 (base 2) in base 6?
203255
Convert -141110 (base 5) to base 6.
-42432
What is 333001 (base 4) in base 16?
fc1
397 (base 11) to base 3
122101
Convert 1330232 (base 4) to base 6.
100542
-45846 (base 9) to base 10
-30579
What is 322 (base 5) in base 16?
57
What is 846 (base 9) in base 7?
2004
What is 479 (base 13) in base 10?
776
What is e63 (base 16) in base 2?
111001100011
What is 320235 (base 6) in base 9?
38615
What is 734 (base 11) in base 7?
2402
311143 (base 5) to base 8
23675
-1267 (base 13) to base 16
-a3c
What is -20012122 (base 4) in base 13?
-12142
-1410 (base 6) to base 5
-2431
What is -1032404 (base 5) in base 14?
-6714
Convert 10110001110111 (base 2) to base 5.
331013
Convert 1241 (base 8) to base 16.
2a1
-13133130 (base 4) to base 13
-10c74
Convert -1154 (base 12) to base 8.
-3620
What is 14351 (base 6) in base 10?
2299
Convert 10001001 (base 2) to base 12.
b5
-100100 (base 3) to base 9
-310
-133013 (base 7) to base 2
-110000111011001
-f54 (base 16) to base 9
-5340
What is 1032 (base 5) in base 7?
262
-a29 (base 11) to base 9
-1628
101100111001110 (base 2) to base 8
54716
Convert -60362 (base 7) to base 16.
-3905
Convert -4649 (base 13) to base 5.
-303423
110210 (base 5) to base 14
155b
12938 (base 11) to base 8
44001
Convert 2010220 (base 3) to base 2.
11000011011
What is 1525 (base 8) in base 10?
853
Convert 21c (base 13) to base 4.
11223
-4766 (base 9) to base 15
-10b3
31d5 (base 16) to base 14
4913
b57 (base 12) to base 15
751
612 (base 9) to base 3
200102
What is -210 (base 7) in base 8?
-151
What is 1cd0 (base 14) in base 8?
12236
What is 64516 (base 8) in base 11?
19288
Convert -66 (base 13) to base 5.
-314
-9241 (base 16) to base 11
-26148
137744 (base 8) to base 12
24518
Convert -423 (base 9) to base 14.
-1a9
Convert -1812 (base 16) to base 3.
-22110020
Convert 1000010001011010 (base 2) to base 6.
420510
Convert 211211 (base 3) to base 14.
320
Convert -3145 (base 6) to base 12.
-4b5
Convert -33323 (base 4) to base 9.
-1352
Convert -234424 (base 5) to base 14.
-3283
11010101111 (base 2) to base 15
791
Convert -